by 659.
9
Calculate the remainder when 4257344 is divided by 532168.
0
Calculate the remainder when 41672 is divided by 46.
42
Calculate the remainder when 1593567 is divided by 6638.
447
Calculate the remainder when 2136482 is divided by 533838.
1130
What is the remainder when 121948341 is divided by 261?
6
Calculate the remainder when 49990679 is divided by 4999067.
9
Calculate the remainder when 109071 is divided by 27267.
3
What is the remainder when 40156 is divided by 721?
501
What is the remainder when 40464 is divided by 3938?
1084
What is the remainder when 658323 is divided by 158?
95
Calculate the remainder when 6159180 is divided by 333.
12
What is the remainder when 234916 is divided by 23?
17
Calculate the remainder when 339932 is divided by 339873.
59
What is the remainder when 240470 is divided by 441?
125
What is the remainder when 2993671 is divided by 76760?
31
What is the remainder when 56549607 is divided by 8078509?
44
What is the remainder when 1240199 is divided by 30?
29
Calculate the remainder when 203791 is divided by 1884.
319
What is the remainder when 194572 is divided by 8457?
61
Calculate the remainder when 12083556 is divided by 1114.
1112
What is the remainder when 331663 is divided by 10698?
25
Calculate the remainder when 3540098 is divided by 10599.
32
Calculate the remainder when 879364 is divided by 875.
864
Calculate the remainder when 1900146 is divided by 2628.
102
Calculate the remainder when 388775 is divided by 10.
5
Calculate the remainder when 1793 is divided by 248.
57
Calculate the remainder when 12651210 is divided by 196.
194
What is the remainder when 1824581 is divided by 1352?
733
What is the remainder when 1496749 is divided by 21382?
9
Calculate the remainder when 196048942 is divided by 49.
40
What is the remainder when 48564849 is divided by 3747?
3729
What is the remainder when 4460516 is divided by 120?
116
What is the remainder when 136522144 is divided by 78?
70
What is the remainder when 18078927 is divided by 3615777?
42
Calculate the remainder when 816227 is divided by 204046.
43
Calculate the remainder when 5958205 is divided by 1986022.
139
Calculate the remainder when 422025 is divided by 5342.
7
What is the remainder when 1916476 is divided by 2106?
16
Calculate the remainder when 120937 is divided by 3331.
1021
Calculate the remainder when 1042907 is divided by 43452.
59
What is the remainder when 1640364 is divided by 6145?
5794
What is the remainder when 136924 is divided by 879?
679
Calculate the remainder when 28387911 is divided by 440.
431
What is the remainder when 83459 is divided by 27689?
392
What is the remainder when 1358930 is divided by 870?
860
What is the remainder when 38282 is divided by 3200?
3082
Calculate the remainder when 2323394 is divided by 1161660.
74
Calculate the remainder when 7611538 is divided by 7611512.
26
What is the remainder when 156118 is divided by 3503?
1986
What is the remainder when 5655512 is divided by 110891?
71
Calculate the remainder when 8596284 is divided by 92433.
15
What is the remainder when 147519 is divided by 10519?
253
Calculate the remainder when 303616 is divided by 734.
474
What is the remainder when 237280346 is divided by 1255?
6
What is the remainder when 445415 is divided by 222705?
5
What is the remainder when 742245598 is divided by 7049?
7045
Calculate the remainder when 420957 is divided by 12381.
3
Calculate the remainder when 33970687 is divided by 169.
166
Calculate the remainder when 900765 is divided by 5690.
1745
Calculate the remainder when 16877 is divided by 225.
2
What is the remainder when 79129193 is divided by 189?
185
Calculate the remainder when 63378405 is divided by 210.
195
Calculate the remainder when 3745792 is divided by 267556.
8
Calculate the remainder when 1060667 is divided by 937.
920
Calculate the remainder when 35564515 is divided by 528.
19
What is the remainder when 79995 is divided by 1095?
60
What is the remainder when 26040 is divided by 1982?
274
Calculate the remainder when 168008 is divided by 1389.
1328
What is the remainder when 718052747 is divided by 125?
122
What is the remainder when 55911 is divided by 205?
151
What is the remainder when 75502 is divided by 18449?
1706
What is the remainder when 6592479 is divided by 9?
6
Calculate the remainder when 1962615 is divided by 653789.
1248
Calculate the remainder when 28288 is divided by 805.
113
What is the remainder when 1898958 is divided by 38?
22
Calculate the remainder when 21346417 is divided by 84041.
3
What is the remainder when 1266090 is divided by 73?
51
What is the remainder when 2495164 is divided by 415825?
214
What is the remainder when 123859140 is divided by 6881063?
6
Calculate the remainder when 7983366 is divided by 628.
230
What is the remainder when 220481 is divided by 73022?
1415
What is the remainder when 4923407 is divided by 30?
17
What is the remainder when 367036 is divided by 1184?
1180
Calculate the remainder when 6464240 is divided by 1616057.
12
What is the remainder when 1788531 is divided by 6932?
75
Calculate the remainder when 3362828 is divided by 4126.
138
What is the remainder when 89287 is divided by 1937?
185
What is the remainder when 6823273 is divided by 16?
9
What is the remainder when 418251 is divided by 539?
526
What is the remainder when 11534 is divided by 73?
0
Calculate the remainder when 78901 is divided by 37197.
4507
What is the remainder when 69728 is divided by 225?
203
What is the remainder when 510479 is divided by 4644?
4283
What is the remainder when 139275531 is divided by 223?
212
Calculate the remainder when 2551449 is divided by 269.
253
Calculate the remainder when 444272 is divided by 222091.
90
What is the remainder when 738128159 is divided by 504?
503
What is the remainder when 20368864 is divided by 621?
64
What is the remainder when 239347216 is divided by 162?
154
Calculate the remainder when 52511624 is divided by 26255797.
30
Calculate the remainder when 3946279 is divided by 77376.
103
Calculate the remainder when 6237207 is divided by 248.
7
Calculate the remainder when 1020665 is divided by 255133.
133
What is the remainder when 474436 is divided by 11527?
1829
Calculate the remainder when 763493 is divided by 84822.
95
What is the remainder when 1153183 is divided by 114?
73
What is the remainder when 110983 is divided by 107442?
3541
Calculate the remainder when 5257 is divided by 3319.
1938
Calculate the remainder when 13717 is divided by 13452.
265
Calculate the remainder when 880012 is divided by 109999.
20
What is the remainder when 11362798 is divided by 27?
10
Calculate the remainder when 30285783 is divided by 6581.
21
Calculate the remainder when 11380 is divided by 10608.
772
What is the remainder when 87940 is divided by 27908?
4216
Calculate the remainder when 8580608 is divided by 4290148.
312
Calculate the remainder when 38344992 is divided by 129983.
7
Calculate the remainder when 1194865 is divided by 57.
31
What is the remainder when 2316009 is divided by 2617?
2581
Calculate the remainder when 10737 is divided by 596.
9
Calculate the remainder when 830511 is divided by 18875.
11
What is the remainder when 6745858 is divided by 14633?
45
What is the remainder when 1489732 is divided by 6233?
45
What is the remainder when 19462160 is divided by 1127?
1124
Calculate the remainder when 1379358733 is divided by 2296.
2293
Calculate the remainder when 742332 is divided by 4554.
30
Calculate the remainder when 1011413 is divided by 165.
128
What is the remainder when 1842288 is divided by 153520?
48
Calculate the remainder when 15168 is divided by 7566.
36
Calculate the remainder when 34256 is divided by 15173.
3910
Calculate the remainder when 21655 is divided by 17389.
4266
What is the remainder when 10575198 is divided by 5287574?
50
Calculate the remainder when 8156894 is divided by 117.
5
Calculate the remainder when 2843927 is divided by 1667.
25
What is the remainder when 292571 is divided by 3697?
508
What is the remainder when 710696 is divided by 177419?
1020
Calculate the remainder when 722392 is divided by 9762.
4
What is the remainder when 46200777 is divided by 11?
7
What is the remainder when 618587 is divided b